6
Calculate the remainder when 150514 is divided by 25.
14
What is the remainder when 4900 is divided by 1498?
406
What is the remainder when 123169 is divided by 61576?
17
Calculate the remainder when 26820 is divided by 6702.
12
What is the remainder when 17267 is divided by 4311?
23
Calculate the remainder when 80454 is divided by 63.
3
Calculate the remainder when 2933 is divided by 32.
21
Calculate the remainder when 1135 is divided by 225.
10
Calculate the remainder when 5813 is divided by 1168.
1141
What is the remainder when 504 is divided by 115?
44
What is the remainder when 49983 is divided by 10?
3
What is the remainder when 385731 is divided by 6?
3
Calculate the remainder when 59129 is divided by 32.
25
Calculate the remainder when 583 is divided by 213.
157
What is the remainder when 13467 is divided by 115?
12
What is the remainder when 75410 is divided by 15082?
0
What is the remainder when 647221 is divided by 64722?
1
What is the remainder when 495 is divided by 249?
246
What is the remainder when 50535 is divided by 25264?
7
What is the remainder when 455691 is divided by 77?
5
What is the remainder when 146099 is divided by 11238?
5
Calculate the remainder when 10398 is divided by 10398.
0
Calculate the remainder when 39650 is divided by 168.
2
Calculate the remainder when 6922 is divided by 417.
250
Calculate the remainder when 11620 is divided by 166.
0
What is the remainder when 5507 is divided by 2487?
533
What is the remainder when 4841196 is divided by 532?
528
What is the remainder when 661 is divided by 300?
61
What is the remainder when 65587 is divided by 13113?
22
Calculate the remainder when 1447 is divided by 57.
22
Calculate the remainder when 861 is divided by 119.
28
Calculate the remainder when 2878 is divided by 2878.
0
Calculate the remainder when 2183199 is divided by 13.
5
Calculate the remainder when 70479 is divided by 34.
31
Calculate the remainder when 1067 is divided by 352.
11
What is the remainder when 59101 is divided by 3690?
61
Calculate the remainder when 169 is divided by 15.
4
Calculate the remainder when 225930 is divided by 4911.
24
Calculate the remainder when 20037 is divided by 54.
3
Calculate the remainder when 296390 is divided by 59272.
30
Calculate the remainder when 550 is divided by 120.
70
Calculate the remainder when 61257 is divided by 6.
3
Calculate the remainder when 4611 is divided by 220.
211
What is the remainder when 331553 is divided by 60?
53
What is the remainder when 31483 is divided by 534?
511
Calculate the remainder when 18896 is divided by 1349.
10
Calculate the remainder when 6655 is divided by 212.
83
Calculate the remainder when 419 is divided by 12.
11
What is the remainder when 2979 is divided by 76?
15
What is the remainder when 25510 is divided by 12752?
6
What is the remainder when 7134 is divided by 1051?
828
What is the remainder when 451278 is divided by 20?
18
Calculate the remainder when 15423 is divided by 27.
6
What is the remainder when 1449308 is divided by 24?
20
Calculate the remainder when 488 is divided by 255.
233
Calculate the remainder when 1797 is divided by 359.
2
Calculate the remainder when 18268 is divided by 979.
646
Calculate the remainder when 881473 is divided by 23.
21
Calculate the remainder when 191509 is divided by 18.
7
What is the remainder when 76508 is divided by 10929?
5
What is the remainder when 103246 is divided by 3971?
0
Calculate the remainder when 20892 is divided by 590.
242
Calculate the remainder when 589 is divided by 10.
9
What is the remainder when 9866 is divided by 49?
17
Calculate the remainder when 1309318 is divided by 4578.
10
What is the remainder when 363137 is divided by 134?
131
What is the remainder when 376 is divided by 311?
65
Calculate the remainder when 52380 is divided by 17460.
0
Calculate the remainder when 116906 is divided by 299.
296
What is the remainder when 3501 is divided by 881?
858
What is the remainder when 782 is divided by 373?
36
What is the remainder when 32411 is divided by 10798?
17
Calculate the remainder when 17547 is divided by 1425.
447
What is the remainder when 2440 is divided by 34?
26
Calculate the remainder when 1072811 is divided by 1014.
1013
Calculate the remainder when 71726 is divided by 3984.
14
What is the remainder when 18277 is divided by 238?
189
What is the remainder when 80510 is divided by 10?
0
What is the remainder when 15688 is divided by 3125?
63
Calculate the remainder when 50368 is divided by 559.
58
Calculate the remainder when 7857 is divided by 762.
237
Calculate the remainder when 27348 is divided by 13673.
2
Calculate the remainder when 739201 is divided by 79.
77
What is the remainder when 2071629 is divided by 8?
5
What is the remainder when 919631 is divided by 649?
647
Calculate the remainder when 14114 is divided by 643.
611
Calculate the remainder when 94505 is divided by 139.
124
What is the remainder when 4740 is divided by 586?
52
Calculate the remainder when 134518 is divided by 12.
10
What is the remainder when 25608 is divided by 3?
0
Calculate the remainder when 6610 is divided by 441.
436
Calculate the remainder when 23990 is divided by 45.
5
Calculate the remainder when 40815 is divided by 13351.
762
What is the remainder when 2266 is divided by 552?
58
Calculate the remainder when 22141 is divided by 103.
99
Calculate the remainder when 3208 is divided by 1045.
73
What is the remainder when 774519 is divided by 378?
375
What is the remainder when 381671 is divided by 152?
151
Calculate the remainder when 18671 is divided by 3733.
6
What is the remainder when 1225894 is divided by 341?
340
Calculate the remainder when 103469 is divided by 51726.
17
What is the remainder when 6995294 is divided by 1837?
1835
Calculate the remainder when 106 is divided by 71.
35
What is the remainder when 5838947 is divided by 1690?
1687
What is the remainder when 21256 is divided by 10294?
668
What is the remainder when 63475 is divided by 4?
3
What is the remainder when 26232 is divided by 513?
69
What is the remainder when 13757 is divided by 916?
17
What is the remainder when 2659 is divided by 126?
13
What is the remainder when 76660 is divided by 15?
10
What is the remainder when 161014 is divided by 671?
645
Calculate the remainder when 2346 is divided by 27.
24
What is the remainder when 2535 is divided by 6?
3
Calculate the remainder when 49134 is divided by 26.
20
Calculate the remainder when 18090 is divided by 17470.
620
Calculate the remainder when 97450 is divided by 1680.
10
What is the remainder when 23356 is divided by 2363?
2089
What is the remainder when 4327 is divided by 394?
387
What is the remainder when 2125 is divided by 659?
148
What is the remainder when 252917 is divided by 31613?
13
What is the remainder when 7856 is divided by 539?
310
Calculate the remainder when 6434 is divided by 125.
59
Calculate the remainder when 40858 is divided by 89.
7
Calculate the remainder when 2210 is divided by 113.
63
What is the remainder when 964 is divided by 281?
121
Calculate the remainder when 2335 is divided by 67.
57
Calculate the remainder when 452270 is divided by 101.
93
What is the remainder when 147259 is divided by 882?
847
Calculate the remainder when 378758 is divided by 26.
16
What is the remainder when 28071 is divided by 234?
225
Calculate the remainder when 1667 is divided by 541.
44
What is the remainder when 1341 is divided by 5?
1
What is the remainder when 20787 is divided by 35?
32
What is the remainder when 458836 is divided by 626?
604
What is the remainder when 873 is divided by 519?
354
Calculate the remainder when 163014 is divided by 5621.
5
What is the remainder when 14701 is divided by 264?
181
Calculate the remainder when 92188 is divided by 15.
13
What is the remainder when 62636 is divided by 20?
16
Calculate the remainder when 7676 is divided by 6883.
793
Calculate the remainder when 213564 is divided by 26694.
12
Calculate the remainder when 4417 is divided by 78.
49
Calculate the remainder when 574708 is divided by 936.
4
Calculate the remainder when 32980 is divided by 42.
10
Calculate the remainder when 15337 is divided by 593.
512
Calculate the remainder when 2258 is divided by 644.
326
C